est common divisor of 6315826 and 407.
407
Calculate the highest common divisor of 135 and 4949175.
15
What is the greatest common divisor of 14136 and 54?
6
Calculate the greatest common divisor of 166 and 911.
1
Calculate the highest common factor of 813064 and 21.
7
What is the highest common factor of 120 and 212299960?
40
Calculate the greatest common divisor of 7060019 and 489.
163
Calculate the greatest common factor of 4 and 45690764.
4
Calculate the greatest common factor of 1296854 and 1985506.
3218
What is the greatest common divisor of 1243246 and 7676?
38
Calculate the greatest common divisor of 28302984 and 4392.
72
What is the highest common factor of 2043765 and 540?
135
What is the greatest common factor of 481227299 and 938?
469
What is the highest common divisor of 3144 and 23949944?
1048
Calculate the greatest common factor of 140387998 and 1058.
46
Calculate the greatest common factor of 114 and 8822859.
57
Calculate the greatest common divisor of 43680 and 21835632.
4368
What is the greatest common divisor of 38723919 and 741?
741
What is the greatest common divisor of 2041 and 84032?
13
What is the greatest common factor of 26703 and 1244549?
43
What is the greatest common divisor of 52281 and 1343763?
1413
Calculate the highest common divisor of 952 and 2561713952.
952
What is the greatest common divisor of 21345536 and 2304?
256
Calculate the greatest common divisor of 144579471 and 2523.
87
Calculate the highest common divisor of 3340620 and 774.
18
What is the greatest common divisor of 39 and 5635503?
3
Calculate the highest common factor of 204 and 57184209.
51
Calculate the greatest common divisor of 1092 and 13539396.
156
Calculate the greatest common divisor of 825 and 420765.
15
What is the highest common factor of 64 and 1171658944?
64
Calculate the highest common divisor of 19599 and 92991.
417
What is the greatest common factor of 2700 and 105274?
2
Calculate the greatest common factor of 7203 and 14145369.
147
What is the greatest common divisor of 1519321 and 423007?
2503
What is the greatest common divisor of 56391910 and 270?
10
Calculate the highest common factor of 11123721 and 2926.
133
Calculate the greatest common divisor of 814486398 and 22.
22
What is the greatest common factor of 1141964 and 1988?
284
What is the greatest common factor of 199 and 18287105?
199
What is the highest common divisor of 1149210 and 470?
10
What is the greatest common divisor of 83 and 33493?
1
What is the highest common factor of 177345 and 79155?
45
What is the highest common divisor of 961968 and 1344?
336
Calculate the greatest common factor of 55621216 and 160.
32
What is the highest common divisor of 42731 and 105697?
19
What is the highest common divisor of 9881524 and 3804?
1268
What is the greatest common factor of 2849 and 15927131?
407
What is the greatest common factor of 92650 and 33490?
170
What is the greatest common factor of 33576 and 13368?
24
What is the highest common factor of 1608 and 54324069?
201
What is the highest common factor of 4942 and 5684?
14
Calculate the highest common factor of 8925365 and 267.
89
What is the highest common divisor of 1549598141 and 91?
91
What is the highest common factor of 91102 and 100535198?
8282
Calculate the greatest common factor of 3553965 and 540.
45
What is the highest common factor of 95 and 76681663?
19
What is the highest common divisor of 1649 and 15400691?
17
What is the greatest common factor of 13469170 and 55?
55
Calculate the highest common factor of 8 and 2092973.
1
Calculate the highest common divisor of 5922 and 11805084.
846
What is the greatest common divisor of 907484 and 12?
4
What is the greatest common factor of 60638720 and 3840?
1280
What is the greatest common divisor of 1555532 and 3564?
44
What is the greatest common divisor of 6307 and 88850419?
371
What is the greatest common factor of 861 and 75254844?
861
What is the greatest common divisor of 134572971 and 57616?
3601
Calculate the highest common factor of 780 and 245406915.
195
Calculate the greatest common divisor of 645 and 3700580.
215
Calculate the greatest common divisor of 785109759 and 357.
357
Calculate the highest common factor of 5016268 and 1898.
146
Calculate the highest common factor of 427 and 499956.
61
Calculate the highest common factor of 739662 and 2268.
42
Calculate the greatest common factor of 1784 and 6658780.
892
What is the greatest common factor of 14451795 and 1551?
141
What is the highest common factor of 40110303 and 5905?
1181
What is the greatest common factor of 1858354 and 6828?
1138
Calculate the highest common factor of 118902 and 994707.
399
What is the greatest common factor of 1550462 and 117978?
106
What is the highest common factor of 380 and 4261795?
95
What is the greatest common factor of 14234580 and 1395?
1395
What is the greatest common divisor of 333347330 and 20?
10
Calculate the highest common divisor of 8688 and 10253328.
48
What is the highest common factor of 13722700 and 400?
100
What is the greatest common divisor of 43196 and 588?
4
Calculate the highest common factor of 78 and 5763858.
6
Calculate the greatest common divisor of 102689224 and 1254.
418
Calculate the greatest common divisor of 10106 and 12493.
31
Calculate the highest common factor of 937 and 6834478.
937
What is the highest common divisor of 70174 and 466927?
2699
Calculate the highest common factor of 36 and 42852879.
9
Calculate the highest common factor of 645 and 5162295.
15
Calculate the highest common divisor of 1340 and 2660795.
5
What is the greatest common factor of 17050088 and 176?
88
What is the greatest common factor of 9408847 and 1827?
203
What is the highest common divisor of 16926 and 42620474?
806
What is the highest common divisor of 1728204 and 402?
6
Calculate the greatest common divisor of 69000907 and 28052.
7013
Calculate the highest common factor of 220827 and 4698.
3
Calculate the greatest common factor of 11169 and 188521551.
11169
Calculate the highest common factor of 13 and 6277674.
13
What is the highest common factor of 378948 and 636?
12
What is the greatest common factor of 9443551 and 48773?
323
Calculate the highest common divisor of 25433724 and 39786.
2094
What is the greatest common divisor of 491 and 7498061?
491
What is the greatest common divisor of 89680 and 135809150?
11210
What is the highest common factor of 913 and 14061916?
11
Calculate the greatest common factor of 15353 and 25522591.
1181
What is the greatest common factor of 707484 and 16188?
228
What is the highest common factor of 90 and 205069185?
45
What is the highest common divisor of 386 and 115348187?
193
Calculate the highest common factor of 31344 and 60936.
24
What is the highest common divisor of 243 and 93413277?
27
Calculate the highest common divisor of 304610004 and 72.
36
Calculate the greatest common factor of 9152091 and 1113039.
3933
Calculate the greatest common factor of 157850067 and 63995.
12799
Calculate the greatest common divisor of 572 and 8729028.
44
What is the highest common factor of 4856538 and 108?
6
Calculate the highest common factor of 1296 and 1738908.
324
What is the highest common divisor of 11286 and 80777664?
3762
What is the highest common factor of 150007 and 222937?
143
What is the highest common divisor of 56 and 82604606?
14
Calculate the greatest common divisor of 1482 and 34854170.
494
What is the greatest common factor of 327624949 and 15111?
1679
Calculate the highest common factor of 331861 and 51964.
1181
What is the greatest common factor of 51 and 2265453541?
17
What is the highest common factor of 84559653 and 6?
3
What is the greatest common factor of 335973 and 132?
33
Calculate the highest common factor of 118194 and 138.
6
What is the highest common factor of 350 and 758750?
50
Calculate the highest common divisor of 14 and 265080501.
7
Calculate the highest common factor of 13978100 and 2.
2
Calculate the greatest common divisor of 7124 and 3667248.
52
Calculate the highest common factor of 159120 and 975.
195
What is the greatest common factor of 2569550 and 6120?
170
Calculate the highest common divisor of 27867816 and 4395.
879
Calculate the highest common divisor of 1829 and 20748052.
31
Wh